composite number?
False
Is 470395 a composite number?
True
Is 37243 composite?
False
Is 5077 composite?
False
Is 188563 a prime number?
True
Is 73841 prime?
False
Is 908133 a composite number?
True
Is 3949 prime?
False
Is 154145 a composite number?
True
Is 4267 a composite number?
True
Is 84377 prime?
True
Is 8459 a composite number?
True
Is 5221 a composite number?
True
Is 243949 a composite number?
True
Is 66295 a composite number?
True
Is 315401 a composite number?
True
Is 41843 a composite number?
False
Is 3611 prime?
False
Is 230947 a composite number?
True
Is 32491 prime?
True
Is 4541 a prime number?
False
Is 109555 prime?
False
Is 27707 composite?
True
Is 34855 composite?
True
Is 2435 a composite number?
True
Is 6787 composite?
True
Is 1061 a composite number?
False
Is 3151 composite?
True
Is 4721 prime?
True
Is 277883 a prime number?
True
Is 6085 composite?
True
Is 212701 a composite number?
False
Is 2059093 a prime number?
True
Is 23801 prime?
True
Is 849 a prime number?
False
Is 10903 a composite number?
False
Is 1169821 a prime number?
False
Is 762107 composite?
True
Is 74143 composite?
False
Is 159514 a prime number?
False
Is 25733 a composite number?
False
Is 87085 a prime number?
False
Is 94729 prime?
False
Is 24803 composite?
True
Is 1254427 a composite number?
False
Is 419041 prime?
False
Is 17827 prime?
True
Is 6779 composite?
False
Is 27641 a composite number?
True
Is 273551 prime?
True
Is 10921 composite?
True
Is 65167 a prime number?
True
Is 2757 composite?
True
Is 50021 a prime number?
True
Is 29195 a prime number?
False
Is 21881 composite?
False
Is 48989 a prime number?
True
Is 41711 a prime number?
False
Is 382805 a composite number?
True
Is 6001 a composite number?
True
Is 1529894 a composite number?
True
Is 37 a prime number?
True
Is 560611 prime?
False
Is 31814 prime?
False
Is 5549 composite?
True
Is 325639 a composite number?
True
Is 249173 a composite number?
True
Is 21881 composite?
False
Is 189377 a composite number?
False
Is 87359 prime?
True
Is 49271 a composite number?
True
Is 35762 composite?
True
Is 11863 prime?
True
Is 10559 a composite number?
False
Is 35797 a prime number?
True
Is 11959 composite?
False
Is 47927 a prime number?
False
Is 445903 a prime number?
False
Is 232313 a prime number?
False
Is 145433 a prime number?
True
Is 196801 composite?
True
Is 172277 composite?
True
Is 2407 composite?
True
Is 1151 a prime number?
True
Is 15259 prime?
True
Is 786722 prime?
False
Is 871957 prime?
True
Is 41047 a composite number?
False
Is 5039 composite?
False
Is 98653 composite?
True
Is 57463 a prime number?
False
Is 444671 a composite number?
False
Is 7109 composite?
False
Is 6983 a composite number?
False
Is 5737 prime?
True
Is 5839 a composite number?
False
Is 57142 a composite number?
True
Is 100907 a prime number?
True
Is 21683 a composite number?
False
Is 129197 prime?
True
Is 187273 composite?
False
Is 292253 a prime number?
False
Is 1303735 a composite number?
True
Is 2810411 a prime number?
True
Is 50723 a prime number?
True
Is 140759 a prime number?
True
Is 3635 composite?
True
Is 863579 composite?
True
Is 169553 composite?
False
Is 818339 composite?
False
Is 70937 composite?
False
Is 50671 prime?
True
Is 247 a prime number?
False
Is 419873 a prime number?
True
Is 437313 prime?
False
Is 2033 prime?
False
Is 278833 prime?
False
Is 11659 prime?
False
Is 1035106 a prime number?
False
Is 12197 prime?
True
Is 258169 a composite number?
True
Is 5953 prime?
True
Is 53893 a composite number?
True
Is 3821 prime?
True
Is 6711 composite?
True
Is 2140115 a composite number?
True
Is 31567 composite?
False
Is 196913 a composite number?
True
Is 1892947 a prime number?
False
Is 54271 composite?
True
Is 601661 composite?
True
Is 44417 composite?
False
Is 35011 prime?
False
Is 177167 a prime number?
True
Is 10239 composite?
True
Is 5269 prime?
False
Is 8849 prime?
True
Is 25213 prime?
False
Is 26981 a composite number?
False
Is 185 a composite number?
True
Is 15506 a prime number?
False
Is 128657 a prime number?
True
Is 268067 a prime number?
False
Is 181385 a composite number?
True
Is 201521 a prime number?
False
Is 2941 composite?
True
Is 6941 a composite number?
True
Is 5893 composite?
True
Is 40247 prime?
False
Is 66077 a composite number?
True
Is 14281 a composite number?
False
Is 14995 composite?
True
Is 52709 composite?
False
Is 356494 a composite number?
True
Is 397351 a composite number?
False
Is 41869 a composite number?
True
Is 3203 prime?
True
Is 552137 prime?
True
Is 578297 prime?
True
Is 2129 prime?
True
Is 92623 a composite number?
False
Is 1298722 prime?
False
Is 984299 prime?
True
Is 1041 prime?
False
Is 98669 composite?
False
Is 1371 composite?
True
Is 3881 composite?
False
Is 26081 a composite number?
True
Is 898981 a prime number?
True
Is 20627 composite?
False
Is 228155 composite?
True
Is 18859 prime?
True
Is 19031 composite?
False
Is 44111 prime?
True
Is 19207 a composite number?
False
Is 29683 a composite number?
False
Is 4813 a prime number?
True
Is 13343 a prime number?
False
Is 2352203 prime?
False
Is 2517 prime?
False
Is 14969 a composite number?
False
Is 485426 a prime number?
False
Is 44245 a composite number?
True
Is 3457 a composite number?
False
Is 1037741 a prime number?
True
Is 1185403 prime?
True
Is 1080307 composite?
False
Is 1909 a composite number?
True
Is 22226 composite?
True
Is 12323 a composite number?
False
Is 4889 a prime number?
True
Is 83453 composite?
True
Is 8059 prime?
True
Is 420707 a prime number?
False
Is 12893 a prime number?
True
Is 28493 prime?
True
Is 484691 a composite number?
False
Is 55547 a composite number?
False
Is 288037 a composite number?
True
Is 1687 prime?
False
Is 92933 a composite number?
True
Is 36035 prime?
False
Is 111833 a composite number?
False
Is 42677 a prime number?
True
Is 484159 a prime number?
False
Is 144127 a prime number?
False
Is 29059 a prime number?
True
Is 214453 a composite number?
True
Is 21871 prime?
True
Is 13579 a prime number?
False
Is 1651769 prime?
False
Is 26083 a composite number?
False
Is 201937 a composite number?
False
Is 32374 composite?
True
Is 23533 composite?
True
Is 167591 prime?
False
Is 7311 a prime number?
False
Is 22298 composite?
True
Is 1477291 composite?
False
Is 41333 a composite number?
False
Is 3707 composite?
True
Is 745222 composite?
True
Is 413949 prime?
False
Is 407 composite?
True
Is 7001 a prime number?
True
Is 912473 a composite number?
True
Is 34321 a prime number?
False
Is 3449 composite?
False
Is 661214 composite?
True
Is 1987 prime?
True
Is 28321 prime?
False
Is 401815 a prime number?
False
Is 1986107 prime?
False
Is 6281 prime?
False
Is 12494 prime?
False
Is 1703 composite?
True
Is 9293 prime?
True
Is 815907 a composite number?
True
Is 2356301 a composite number?
True
Is 5387 composite?
False
Is 15581 composite?
False
Is 20653 composite?
True
Is 78749 a composite number?
True
Is 152653 prime?
False
Is 43853 prime?
True
Is 79967 prime?
True
Is 12759 a composite number?
True
Is 2417 prime?
True
Is 18059 prime?
True
Is 82183 prime?
True
Is 869018 a prime number?
False
Is 7663 prime?
False
Is 10529 a prime number?
True
Is 53527 a prime number?
True
Is 1931 composite?
False
Is 2957 composite?
False
Is 8999 prime?
True
Is 743 composite?
False
Is 60891 a prime number?
False
Is 703531 prime?
True
Is 91673 a composite number?
False
Is 15569 a prime number?
True
Is 118787 a composite number?
False
Is 160141 composite?
False
Is 449843 prime?
False
Is 31919 prime?
False
Is 52147 a composite number?
False
Is 2719 a composite number?
False
Is 43019 a composite number?
False
Is 17669 prime?
True
Is 13763 a prime number?
True
Is 61081 prime?
False
Is 99551 prime?
True
Is 72497 a composite number?
False
Is 1431907 prime?
True
Is 152527 a composite number?
True
Is 3251 prime?
True
Is 85817 a composite number?
False
Is 158843 a composite number?
False
Is 116407 a composite number?
True
Is 6173 prime?
True
Is 14453 prime?
False
Is 2749 composite?
False
Is 9959 composite?
True
Is 18779 a composite number?
True
Is 42043 a composite number?
False
Is 2474 a composite number?
True
Is 3611 composite?
True
Is 64513 composite?
False
Is 26461 a prime number?
False
Is 60859 prime?
True
Is 109163 composite?
True
Is 1347